-8*h**3 - 4*h**2 + 2*h + 8. Let b be z(-7). Suppose -5*k + r + 4341 = 0, -4*k + b = r - 938. Is k prime?
False
Suppose -23*h = -130095 + 24686. Is h prime?
True
Let i = -4 + 0. Let r(p) = -6*p**2 - 15*p + 3. Let z be r(-6). Is (2 + -3)*(z + i) composite?
False
Suppose 5*z = 3*t - 27696, -3*z - 27693 = -3*t + z. Is t a composite number?
False
Let v = -13 + 16. Suppose 3*i + 2909 = 5*q, 3*q - 1739 = 2*i + v*i. Suppose q = 3*y - 656. Is y composite?
True
Let x(s) = 17*s - 3. Let n be x(-3). Let u be (n/4)/(10/40). Let i = 149 - u. Is i prime?
False
Suppose 3*r - 3*j = -7689, -2*r - 3408 = -3*j + 1722. Let a = -1790 - r. Is a prime?
True
Let t be (2/3)/(6/27). Suppose -t*p + x = 2*x - 380, 4*p + 4*x - 504 = 0. Is p a composite number?
False
Let d(y) = y**2 + 15*y + 10. Let n be d(-13). Let h(i) = i**3 + 18*i**2 + 21*i + 11. Is h(n) prime?
False
Is (4634/56)/(2/8) prime?
True
Let d = -5109 - -8102. Is d a prime number?
False
Let c(b) = -11*b**3 + 3*b**2 - 17*b + 6. Let o be c(-9). Suppose -4*u + o = -2407. Is u composite?
False
Suppose z - n + 0*n = 50, -z = -4*n - 38. Suppose z = x - 64. Is x a composite number?
True
Let m(u) = 587*u**2 + 22*u + 64. Is m(15) a composite number?
False
Let r(m) = 795*m + 1004. Is r(61) a prime number?
True
Is ((-46)/3)/((-23)/(680547/14)) prime?
False
Let k(l) = -l**3 - l**2 + 1. Let o(t) = -10*t**3 - 9*t**2 + 3*t - 2. Let u(p) = -5*k(p) + o(p). Suppose -5*f = h, -5*f - 18 = 4*h - 3*f. Is u(h) a prime number?
True
Let t(d) = 93*d**2 + 5*d + 3. Let y be 30/8 + (-8)/(-32). Is t(y) prime?
True
Suppose 4 = l + 6, 3*l = 4*z + 246. Suppose 3*y + y - 96 = 0. Let g = y - z. Is g a composite number?
True
Suppose 6*j - j - 220 = 0. Is j*(3 + (-18)/8) prime?
False
Suppose 4*q - 106 = 3*g + 146, -3*q = 4*g - 214. Let h be (-360)/27 - 2/(-6). Let m = q + h. Is m a prime number?
True
Let n(h) = -13*h + 2 + 28*h - 15. Is n(6) a composite number?
True
Suppose 5*v + 10 = 4*p, 3*p - 9 - 8 = -v. Suppose 5*k + 5 = 0, 5*i - 951 = v*k + 3016. Is i prime?
False
Let s be (1/2 - 0)*0. Is (s - (-2)/(-1)) + 471 a composite number?
True
Let i = 572 + 191. Is i a prime number?
False
Let l(c) = 16*c**2 - 9*c - 31. Let y be l(-5). Suppose -394 = -5*t + 3*t + 3*q, -y = -2*t - 2*q. Is t composite?
True
Is (-60)/4*(10 + (-111349)/21) prime?
False
Let l(z) = z**3 - z**2 - 7*z - 8. Let m be l(13). Suppose 0 = -7*b + m + 3286. Is b a composite number?
True
Suppose 58 - 13 = -15*o. Is 2518*1/(-6)*o a composite number?
False
Suppose -80 = -3*q + 190. Let g = 138 - q. Let a = g - -10. Is a composite?
True
Let c be 6/21 + (-4)/14. Suppose 3*g - 15 = c, -3*v - 15 = -g + 8. Is (-15)/v*148/5 a prime number?
False
Let b = -78 - -83. Suppose -x = 3*x + 3*n - 1231, -1540 = -5*x - b*n. Is x prime?
True
Suppose -5*x + 5 = 0, 0*d + 4*x - 1 = d. Suppose d*v - 20 = -2*v. Suppose -f + g + 97 = -g, -v*g + 162 = 2*f. Is f prime?
True
Let k be (4 - (1 - -3))/(-2). Suppose 0 = w - 0*w - b - 1778, 2*b - 10 = k. Is w composite?
False
Suppose 3*h - 128981 = -4*u, 5*h - 18*u = -20*u + 214959. Is h composite?
True
Suppose -243 = 3*t + 387. Let i = -65 - t. Is i a composite number?
True
Suppose -2*r + 1435 = -q, r - 4*q + 2*q = 710. Suppose -5*c + r = 85. Is c a prime number?
True
Suppose 27*w = 677916 + 454491. Is w a prime number?
True
Is (-8 - -8) + -5 - (-15304)/4 composite?
False
Let w(q) = -q**2 - 4*q - 6. Let o be w(-4). Is o/4*(-826)/21 a prime number?
True
Let q = -394 + 803. Suppose 3*k + 124 = q. Is k prime?
False
Let r = 2592 + 371. Is r a composite number?
False
Suppose 954 = 5*o + 3734. Let b = 763 - o. Is b a prime number?
True
Suppose l - 1100 = 5*b - 4*l, -l = 4*b + 885. Let k = 746 - b. Is k a composite number?
False
Suppose 11*c - 968 - 429 = 0. Is c a composite number?
False
Let x(l) = -7*l**3 + 6*l**2 + 6*l - 4. Is x(-11) a prime number?
True
Suppose -65 = -3*b - 17. Let q be b/(-24) + 14/3. Is q*(3 - (-841)/4) a composite number?
False
Let g be (10/4)/((-3)/6). Let i be (-12)/((27/6)/3). Is 16 - g - i/2 prime?
False
Let m(n) = 36*n**2 - 4*n - 9. Let z be m(-3). Suppose 2*g - z = q, -q - 2*q - 3 = 0. Is g a composite number?
False
Let z be (-2)/5 + (-186)/(-15). Let f = -15 + z. Is 3 + 1/(f/(-270)) prime?
False
Suppose 4*w - 13955 = 3*r, 0*w - 4*r + 10485 = 3*w. Is w prime?
True
Suppose p + 2*m - 7249 = -2*p, p = 4*m + 2421. Is p a prime number?
True
Suppose 4*m - 4*r = 1040, 0 = -2*m + r + 3*r + 530. Suppose 4 = 3*b - 2*b. Suppose b*n = 101 + m. Is n a prime number?
True
Suppose -9 = -2*b - 15. Let j = b - -8. Suppose -4*n = -j*n + 159. Is n a prime number?
False
Suppose 52 = -2*n + 3*w - 85, -n - 71 = w. Let i = 141 - n. Is i prime?
True
Let m be (5 + (-16)/2)/(-2 - -1). Suppose -2*z + m*r + 2249 = -z, 2249 = z - 4*r. Is z a prime number?
False
Let l(t) = 13*t**3 + 13*t**2 + 69*t - 17. Let k(s) = -3*s**3 - 3*s**2 - 17*s + 4. Let o(b) = 9*k(b) + 2*l(b). Is o(-9) prime?
False
Let o be 501/2*2/3. Let y(w) = -36*w + 42. Let p be y(-7). Let c = p - o. Is c a prime number?
True
Let h(s) = s**3 + 38*s**2 + 12*s - 182. Is h(-29) composite?
False
Suppose 0 = -d + 4*l + 40, 2*d - 5*l + 58 = 3*d. Is -2 + 6 + (d - 6) a prime number?
False
Let t be (128/3)/(1/3). Let w = t + -46. Is w + 3 + -1 + -1 prime?
True
Let o = -2872 - -5481. Is o prime?
True
Let x(u) = -4*u**2 + 319*u - 38. Is x(31) a prime number?
True
Let q = -26507 + 46410. Is q prime?
False
Let z(p) = 385*p**3 + 2*p**2 - 2. Let b be z(1). Suppose 2*h + 2*x = 3*h - b, 1889 = 5*h - x. Is h a prime number?
False
Suppose 0 = 5*i + k - 43485, 0 = -5*i + 4*i + 5*k + 8723. Is i a composite number?
True
Is (10 - (-25909)/6)*6 prime?
True
Let u(s) = -9*s - 12. Let o(y) = y. Let d(l) = -4*o(l) - u(l). Let v be d(-3). Is (v - 1) + 1 + 430 composite?
True
Suppose -5*m = v + 2*v - 11, -4*v = -4*m - 4. Suppose v*j - 955 = -237. Is j a composite number?
False
Let r be ((4 - -559) + -4)*4. Let s = 4569 - r. Is s a prime number?
True
Let w(l) = l**2 + 4*l + 3. Let j be (-115)/35 + 4/14. Let c be w(j). Is (-2 - c)/1 - -337 composite?
True
Suppose -9 + 41 = 2*i. Suppose 0*n - 5*n = b - i, -5*b = -2*n + 1. Suppose -53 + 230 = n*u. Is u a composite number?
False
Let t = -2 - -2. Suppose 2*s + 3*q + 9 = -0*s, t = -3*s + q + 14. Suppose -4*b + f - 2*f = -28, -s*b = f - 22. Is b a composite number?
True
Suppose -3*a = -5*d + 41, -a + 5*d = 6 + 11. Let z be ((-9)/a - 1)*-12. Is 1325/15 - (-2)/z prime?
True
Suppose x - 4*f = 9, -2*f - 3 = -7. Suppose -4*i = 3*w - x, -w = 4*i - 2*w - 37. Suppose -13*z = -i*z - 265. Is z prime?
True
Let f be (-15)/2*16/6. Let m = f + 22. Let u = 89 - m. Is u a prime number?
False
Let r(n) = 108*n**2 + 29*n + 73. Is r(14) prime?
True
Suppose 8*w - 2*w = 3612. Let a be 3 - w/4*4. Is a/(-4) + 33/(-44) prime?
True
Let v be -2 - 0/1 - 6*-124. Suppose -m + v = m. Is m a composite number?
True
Let f = 14 - 25. Let v(w) = -5*w**3 - 18*w**2 + 21*w - 7. Let t(s) = 14*s**3 + 54*s**2 - 62*s + 21. Let x(l) = f*v(l) - 4*t(l). Is x(-19) a prime number?
True
Suppose l - 2166 = -3*w, -3*w - 79 = 4*l - 8716. Is l - (11 - 5 - 2) composite?
False
Suppose -57*m = -61*m + b + 100024, -5*b + 50034 = 2*m. Is m a prime number?
False
Let h(s) = 3656*s**2 - 25*s - 23. Is h(-5) a prime number?
False
Let h(f) = -f**2. Let x(y) be the second derivative of -y**4/6 + 15*y**3/2 + 17*y**2/2 + 2*y. Let u(c) = 3*h(c) - x(c). Is u(-18) composite?
True
Suppose 65 = 5*p + 5*v, -v - 3*v + 67 = 5*p. Let j be (p/6)/((-2)/(-4)). Suppose -2*b + 0*b + 2*h + 64 = 0, j*b - 172 = h. Is b a composite number?
True
Let a(u) = u**3 + 24*u**2 + 31*u + 3. Is a(-16) prime?
False
Let z = 873 - -374. Is z a prime number?
False
Let u(i) = 73*i**2 - 5*i - 11. Let h be (-99)/22 + (-3)/(-6). Is u(h) composite?
True
Let f = 54615 + -32084. Is f a composite number?
False
Let f(l) = -l - 16. Let x be f(-14). Let r be ((-2)/x)/((-2)/(-8)). Suppose i - 970 = -r*i. Is i composite?
True
Suppose 5*n = t + 4*t + 5, 0 = -5*n - t + 35. Is n/30 - (-62070)/25 composite?
True
Let i(k) = k**3. Let j(d) = 6*d**3 - 13*d**2 + 2*d + 13. Let s(h) = -2*i(h) + j(h). Is s(12) a prime number?
True
Let s(c) = -c**3 - 4*c**2 + 9*c - 5. Is s(-14) composite?
True
Suppose 0 = 14*p - 11170 - 9284. Is p a composite number?
True
Suppose 92*z = 34*z - 236988. Suppose v = 4*v + 8619. Let 